{"id":39,"date":"2017-03-20T19:48:05","date_gmt":"2017-03-20T18:48:05","guid":{"rendered":"http:\/\/avnas-meditationsgruppe.de\/?page_id=39"},"modified":"2017-07-25T15:43:47","modified_gmt":"2017-07-25T13:43:47","slug":"startseite","status":"publish","type":"page","link":"https:\/\/avnas-meditationsgruppe.de\/","title":{"rendered":"Startseite"},"content":{"rendered":"<p style=\"text-align: center;\">Herzlich Willkommen auf der Seite der Avnas-Meditationsgruppe.<\/p>\n<p style=\"text-align: center;\">Hier findest Du neben Informationen zu unserer Gruppe auch viel Praktisches zu den Themen Meditation und angewandte Magie.<\/p>\n<p style=\"text-align: center;\">Die Meditationsgruppe wurde 2005 ins Leben gerufen und hat seither viele personelle und \u00f6rtliche Ver\u00e4nderungen durchwandert. Im Kern blieb sie aber immer ihrer Grundidee treu: Das wichtigste Anliegen war und ist die Freude daran zu vermitteln, sich mit der eigenen Welt zu befassen.<\/p>\n<p><img loading=\"lazy\" decoding=\"async\" class=\"aligncenter size-large wp-image-244\" src=\"http:\/\/avnas-meditationsgruppe.de\/wp-content\/uploads\/2017\/03\/Fotolia_141860204_M-1024x683.jpg\" alt=\"\" width=\"648\" height=\"432\" srcset=\"https:\/\/avnas-meditationsgruppe.de\/wp-content\/uploads\/2017\/03\/Fotolia_141860204_M-1024x683.jpg 1024w, https:\/\/avnas-meditationsgruppe.de\/wp-content\/uploads\/2017\/03\/Fotolia_141860204_M-300x200.jpg 300w, https:\/\/avnas-meditationsgruppe.de\/wp-content\/uploads\/2017\/03\/Fotolia_141860204_M-768x513.jpg 768w, https:\/\/avnas-meditationsgruppe.de\/wp-content\/uploads\/2017\/03\/Fotolia_141860204_M.jpg 1687w\" sizes=\"auto, (max-width: 648px) 100vw, 648px\" \/><\/p>\n<h2 style=\"text-align: center;\">\u00dcber uns<\/h2>\n<p style=\"text-align: center;\">\u201eDen besten Meister, den man finden kann, tr\u00e4gt man bereits in sich!\u201c &#8211; Dieser Grundsatz steht im Mittelpunkt und ist Leitmotiv der gemeinsamen Arbeit.<\/p>\n<p style=\"text-align: center;\">Ideologien spielen eine weniger tragende Rolle bei uns, obwohl sie auf der anderen Seite einen wichtigen Bestandteil f\u00fcr jeden einzelnen darstellen. Der pers\u00f6nliche Glaube ist das, was uns die Bestandteile der Welt erkl\u00e4rbar macht, \u00fcber die wir eigentlich nichts wissen. In unseren Augen ist es m\u00fc\u00dfig ihn zu diskutieren oder gar f\u00fcr ihn zu k\u00e4mpfen. Wir sehen den Glauben als die Grundlage f\u00fcr den pers\u00f6nlichen Weg, der sich im Laufe des Lebens und vor allen Dingen im Laufe der pers\u00f6nlichen Entwicklung immer wieder mit ver\u00e4ndert. Ein St\u00fcck weit spiegelt er somit unsere inneren Strukturen wieder.<\/p>\n<p style=\"text-align: center;\">Die Meditationen und der Austausch dar\u00fcber sollen dabei helfen, die pers\u00f6nliche Definition des Lebens weiterzubringen, neue F\u00e4higkeiten zu entwickeln und den Blick auf sich selbst auf zu knoten. Hierf\u00fcr bedienen wir uns einer Vielzahl von \u00dcbungen und Techniken aus verschiedenen Weltanschauungen und spirituellen Str\u00f6mungen, so zum Beispiel der Hermetik, dem Buddhismus, der Schattenarbeit und der Psychologie. Die Auswahl der \u00dcbungen wird dabei durch die individuellen Vorlieben, den pers\u00f6nlichen Zielen und den bisherigen Erfahrungen beeinflusst. Wer neu zu uns st\u00f6\u00dft, braucht deshalb auch keine Kenntnisse mitbringen, kann aber ebenso schon auf viele Jahre Meditationspraxis zur\u00fcckblicken. Wir sind eine best\u00e4ndige Gruppe im stetigen Wandel.<\/p>\n<p><img loading=\"lazy\" decoding=\"async\" class=\"aligncenter size-large wp-image-304\" src=\"http:\/\/avnas-meditationsgruppe.de\/wp-content\/uploads\/2017\/03\/Fotolia_117152446_M-1024x682.jpg\" alt=\"Meditation in Stille\" width=\"648\" height=\"432\" srcset=\"https:\/\/avnas-meditationsgruppe.de\/wp-content\/uploads\/2017\/03\/Fotolia_117152446_M-1024x682.jpg 1024w, https:\/\/avnas-meditationsgruppe.de\/wp-content\/uploads\/2017\/03\/Fotolia_117152446_M-300x200.jpg 300w, https:\/\/avnas-meditationsgruppe.de\/wp-content\/uploads\/2017\/03\/Fotolia_117152446_M-768x512.jpg 768w, https:\/\/avnas-meditationsgruppe.de\/wp-content\/uploads\/2017\/03\/Fotolia_117152446_M.jpg 1688w\" sizes=\"auto, (max-width: 648px) 100vw, 648px\" \/><\/p>\n<p style=\"text-align: center;\">Unsere Abende gestalten wir so, dass wir meist zwischen drei und vier Meditationsdurchg\u00e4nge praktisch t\u00e4tig sind. Vor jedem Durchgang werden die \u00dcbungen mit dem \u201eMeditationsdirigenten\u201c abgestimmt. Manchmal praktiziert jeder seine eigene, manchmal alle eine \u00dcbung gemeinsam. Nach jedem Durchgang sprechen wir \u00fcber die Erlebnisse und Probleme w\u00e4hrend der Meditation. H\u00e4ufig werden die Ruhepunkte auch genutzt, um pers\u00f6nliche Themen mit allen zu besprechen, sich Rat zu holen oder auch einen Blick in die Tarotkarten zu werfen. Es ist also ganz entspannt. Die Meditationszeiten der Durchg\u00e4nge schwanken stark und sind abh\u00e4ngig von den Meditationen und dem anwesenden Personenkreis. Meditation ist kein Leistungssport, auch wenn man sie so konditionieren kann.<\/p>\n<h3 style=\"text-align: center;\">Jens (Meditationsleitung)<\/h3>\n<p style=\"text-align: left;\"><img loading=\"lazy\" decoding=\"async\" class=\"size-medium wp-image-36 alignleft\" src=\"http:\/\/avnas-meditationsgruppe.de\/wp-content\/uploads\/2017\/03\/Jens-225x300.jpg\" alt=\"\" width=\"225\" height=\"300\" srcset=\"https:\/\/avnas-meditationsgruppe.de\/wp-content\/uploads\/2017\/03\/Jens-225x300.jpg 225w, https:\/\/avnas-meditationsgruppe.de\/wp-content\/uploads\/2017\/03\/Jens.jpg 480w\" sizes=\"auto, (max-width: 225px) 100vw, 225px\" \/><\/p>\n<p style=\"text-align: left;\">Mein Name ist Jens Pitro und ich bin seit 1999 kontinuierlich auf dem Pfad der Selbsterkenntnis unterwegs. Auf diesem habe ich mich mit vielen Meditationstechniken und magischen Ans\u00e4tzen befasst, aus denen mittlerweile ein umfangreiches Repertoire an n\u00fctzlichen praktischen \u00dcbungen entstanden ist. Die Kombination unterschiedlicher Methoden und Techniken hat sich dabei als sehr hilfreich und effektiv herausgestellt. Zum einen, weil sich viele M\u00f6glichkeiten ergeben, um Themen aufzuarbeiten und zum anderen, weil die Freude an den \u00dcbungen durch mehr Abwechslung erhalten bleibt.<\/p>\n<p style=\"text-align: left;\">Meine Erfahrungen versuche ich in der Gruppe weiter zu geben und mit meinen M\u00f6glichkeiten die Suche nach Antworten auf die offenen Lebensfragen zu unterst\u00fctzen.<\/p>\n<h2 style=\"text-align: center;\">Termine \/ Ort<\/h2>\n<p style=\"text-align: center;\">Wir treffen uns jeden Mittwochabend um 19:30 Uhr, im zweiten Stock der Wisbyer Stra\u00dfe 16.<\/p>\n<p style=\"text-align: center;\">Wenn Du Interesse hast, kannst Du gerne bei uns vorbeischauen. Falls es Dir m\u00f6glich ist, melde Dich in dem Fall bitte vorher kurz via Mail oder Telefon bei Jens. Was Du schon mitbringen kannst ist etwas zu Schreiben (am besten ein kleines Buch, wie man es auch f\u00fcr Tageb\u00fccher verwenden w\u00fcrde), einen Stift und lockere Kleidung. Dann kann\u2019s direkt losgehen! Wir freuen uns auf Dich!<\/p>\n<table  class=\" table table-hover\" >\n<tbody>\n<tr>\n<td width=\"40%\">Logop\u00e4die-Praxis Astrid Kunze<\/p>\n<p>Wisbyer Stra\u00dfe 16<\/p>\n<p>10439 Berlin (Prenzlauer Berg)<\/td>\n<td><div id=\"wpgmza_map\" class=\"wpgmza_map\" data-settings='{\"id\":\"1\",\"map_title\":\"Avnas Meditationsgruppe\",\"map_width\":\"100\",\"map_height\":\"400\",\"map_start_lat\":\"52.553211\",\"map_start_lng\":\"13.421502\",\"map_start_location\":\"52.553210842807,13.421502000000043\",\"map_start_zoom\":\"15\",\"default_marker\":\"0\",\"type\":\"1\",\"alignment\":\"1\",\"directions_enabled\":\"1\",\"styling_enabled\":\"0\",\"styling_json\":\"\",\"active\":\"0\",\"kml\":\"\",\"bicycle\":\"0\",\"traffic\":\"0\",\"dbox\":\"1\",\"dbox_width\":\"100\",\"listmarkers\":\"0\",\"listmarkers_advanced\":\"0\",\"filterbycat\":\"0\",\"ugm_enabled\":\"0\",\"ugm_category_enabled\":\"0\",\"fusion\":\"\",\"map_width_type\":\"\\\\%\",\"map_height_type\":\"px\",\"mass_marker_support\":\"1\",\"ugm_access\":\"0\",\"order_markers_by\":\"1\",\"order_markers_choice\":\"2\",\"show_user_location\":\"0\",\"default_to\":\"\",\"other_settings\":{\"store_locator_enabled\":2,\"store_locator_distance\":2,\"store_locator_bounce\":1,\"store_locator_query_string\":\"ZIP \\\/ Address: 10439 Berlin, Wisbyer Stra\\u00dfe 16\",\"store_locator_default_address\":\"10439 Berlin, Wisbyer Stra\\u00dfe 16\",\"wpgmza_store_locator_restrict\":\"de\",\"map_max_zoom\":\"1\",\"transport_layer\":0,\"wpgmza_theme_data\":\"\"}}' data-map-id='1' Data-maps-engine='google-maps' data-shortcode-attributes='{\"id\":\"1\"}' style=\"display:block; overflow:auto; width:100%; height:400px; float:left;\"><\/div><\/td>\n<\/tr>\n<\/tbody>\n<\/table>\n","protected":false},"excerpt":{"rendered":"<p>Herzlich Willkommen auf der Seite der Avnas-Meditationsgruppe. Hier findest Du neben Informationen zu unserer Gruppe auch viel Praktisches zu den Themen Meditation und angewandte Magie. Die Meditationsgruppe wurde 2005 ins Leben gerufen und hat seither viele personelle und \u00f6rtliche Ver\u00e4nderungen durchwandert. Im Kern blieb sie aber immer ihrer Grundidee treu: Das wichtigste Anliegen war und [&hellip;]<\/p>\n","protected":false},"author":1,"featured_media":0,"parent":0,"menu_order":0,"comment_status":"closed","ping_status":"closed","template":"","meta":{"footnotes":""},"class_list":["post-39","page","type-page","status-publish","hentry"],"_links":{"self":[{"href":"https:\/\/avnas-meditationsgruppe.de\/index.php?rest_route=\/wp\/v2\/pages\/39","targetHints":{"allow":["GET"]}}],"collection":[{"href":"https:\/\/avnas-meditationsgruppe.de\/index.php?rest_route=\/wp\/v2\/pages"}],"about":[{"href":"https:\/\/avnas-meditationsgruppe.de\/index.php?rest_route=\/wp\/v2\/types\/page"}],"author":[{"embeddable":true,"href":"https:\/\/avnas-meditationsgruppe.de\/index.php?rest_route=\/wp\/v2\/users\/1"}],"replies":[{"embeddable":true,"href":"https:\/\/avnas-meditationsgruppe.de\/index.php?rest_route=%2Fwp%2Fv2%2Fcomments&post=39"}],"version-history":[{"count":49,"href":"https:\/\/avnas-meditationsgruppe.de\/index.php?rest_route=\/wp\/v2\/pages\/39\/revisions"}],"predecessor-version":[{"id":312,"href":"https:\/\/avnas-meditationsgruppe.de\/index.php?rest_route=\/wp\/v2\/pages\/39\/revisions\/312"}],"wp:attachment":[{"href":"https:\/\/avnas-meditationsgruppe.de\/index.php?rest_route=%2Fwp%2Fv2%2Fmedia&parent=39"}],"curies":[{"name":"wp","href":"https:\/\/api.w.org\/{rel}","templated":true}]}}