{"id":368,"date":"2017-07-12T08:40:46","date_gmt":"2017-07-12T06:40:46","guid":{"rendered":"http:\/\/avnas-meditationsgruppe.de\/?page_id=368"},"modified":"2017-07-25T16:12:25","modified_gmt":"2017-07-25T14:12:25","slug":"gespraech-mit-der-gemeinschaft","status":"publish","type":"page","link":"https:\/\/avnas-meditationsgruppe.de\/?page_id=368","title":{"rendered":"Gespr\u00e4ch mit der Gemeinschaft"},"content":{"rendered":"<p style=\"text-align: center;\">Die Gemeinschaft (GS) hat sich heute aus mir heraus offenbart. Ich sehe sie als kollektive Anlage meiner Familie. Sie stellt eine Art unbewusste Verbindung zwischen allen Familienmitgliedern dar, die sich \u00fcber die Generationen immer mehr gefestigt hat. Im Folgenden habe ich versucht mit dieser unbewussten Kraft zu sprechen.<\/p>\n<h2 style=\"text-align: center;\">November 2002<\/h2>\n<table  class=\" table table-hover\" >\n<tbody>\n<tr>\n<td>ICH<\/td>\n<td>Unsere Gemeinschaft ist in letzter Zeit extrem ins Wanken geraten. Sicherlich auch, weil das Gespr\u00e4ch bisher ausblieb. Ich wusste nie recht, was und wie ich erz\u00e4hlen soll und ihr habt vorrangig in offenen Wunden gestochert.<\/td>\n<\/tr>\n<tr>\n<td>GS<\/td>\n<td>Unsere Wurzeln reichen weit zur\u00fcck. Du stellst dich mit deinem Verhalten gegen die Erfahrungen und das Wissen von Generationen.<\/td>\n<\/tr>\n<tr>\n<td>ICH<\/td>\n<td>Ich stelle nicht Euch in Frage, sondern mich bzw. mein Leben. Ich m\u00f6chte weder Euch noch irgendwen in der Familie \u00e4ndern. Ich m\u00f6chte nur akzeptiert werden. Ist das zu viel verlangt?<\/td>\n<\/tr>\n<tr>\n<td>GS<\/td>\n<td>Du trennst dich aus unserer Gemeinschaft, indem du deinen eigenen Weg gehst und dennoch erwartest du, dass wir zu dir stehen, auch wenn du uns den R\u00fccken zukehrst?<\/td>\n<\/tr>\n<tr>\n<td>ICH<\/td>\n<td>Ihr seid ein Teil von mir geworden. Die Gemeinschaft macht den gr\u00f6\u00dften Teil meines bisherigen Lebens aus. Ich setze sie auf meine Weise fort, auch wenn dies im Moment einem Abwenden gleichkommen mag.<\/td>\n<\/tr>\n<tr>\n<td>GS<\/td>\n<td>Du drehst es wie du es brauchst! Es bleibt dabei, du wendest dich ab!<\/td>\n<\/tr>\n<tr>\n<td>ICH<\/td>\n<td>Was soll ich tun?<\/td>\n<\/tr>\n<tr>\n<td>GS<\/td>\n<td>Entscheide dich! Du kannst nur eines haben. Du willst alles, dazugeh\u00f6ren, aber nicht so sein, wie es zum Dazugeh\u00f6ren n\u00f6tig w\u00e4re. Wenn du einem Club beitrittst musst du dich auch an die Regeln halten und kannst nicht erwarten, dass nur wegen dir der ganze Club umgekrempelt wird. Mach dir klar, welche Konsequenzen deine Entscheidung haben kann. Vielleicht bringt dich diese Entscheidung weiter von deinen Urspr\u00fcngen weg, als du es wirklich gewollt h\u00e4ttest. Was ist dir mehr wert?<\/td>\n<\/tr>\n<tr>\n<td>ICH<\/td>\n<td>Welche Konsequenzen hat eine Entscheidung denn?<\/td>\n<\/tr>\n<tr>\n<td>GS<\/td>\n<td>Von deiner Entscheidung h\u00e4ngt ab, ob du unsere Unterst\u00fctzung bekommst oder nicht. Entscheidest du gegen uns, verschlie\u00dft sich auch die Pforte zu dem unbewussten Wissen der Gemeinschaft. Dagegen bist du machtlos. Kehrst du jetzt zur\u00fcck, wird dir sofort alle Hilfe aus der Gemeinschaft zukommen, die du ben\u00f6tigst um wieder auf die Beine zu kommen.<\/td>\n<\/tr>\n<tr>\n<td>ICH<\/td>\n<td>Warum seid ihr so hart und geradlinig?<\/td>\n<\/tr>\n<tr>\n<td>GS<\/td>\n<td>H\u00e4rte und Gradlinigkeit sind Eigenschaften der Gemeinschaft. Unser Wissen beruht eben darauf, auf H\u00e4rte und Durchhalteverm\u00f6gen.<\/td>\n<\/tr>\n<tr>\n<td>ICH<\/td>\n<td>Seid ihr der alte Magier?<\/td>\n<\/tr>\n<tr>\n<td>GS<\/td>\n<td>Nein, mit so etwas haben wir nichts zu tun. Wir sind das Erbe deiner Vorfahren v\u00e4terlicherseits. Im Moment findest du nur sehr wenig von uns in deinem Leben. Uns ist es egal, wie du dich entscheidest. Unsere Prinzipien stehen f\u00fcr sich und wir ben\u00f6tigen keine emotionalen Einfl\u00fcsse, um unsere Entscheidungen zu treffen. Alles beruht auf Traditionen, Prinzipien und Vernunft. Lebst du nach diesen Regeln, lebst du nach uns und bist somit ein Teil von uns. Lebst du nicht nach ihnen, bist du kein Teil mehr von uns. Du verlierst damit die Kraft, die du mit uns h\u00e4ttest und den Anspruch auf die Unterst\u00fctzung von uns, denn ein Teil der Gemeinschaft sein hei\u00dft gleicherma\u00dfen anspruchsberechtigt und verpflichtet zu sein.<\/td>\n<\/tr>\n<tr>\n<td>ICH<\/td>\n<td>Bedeutete dies eine Trennung von der Familie?<\/td>\n<\/tr>\n<tr>\n<td>GS<\/td>\n<td>Ja und Nein. R\u00e4umlich gesehen bedeutet es keine. Aber du wirst zu einem Au\u00dfenseiter. Du wirst immer das Gef\u00fchl haben, nicht mehr dazu zu geh\u00f6ren. So ist es auch. Du geh\u00f6rst nicht mehr dazu. Da wo du dann bist, ist keiner von uns und es will au\u00dfer dir da auch keiner hin. Es ist vielleicht Dein, aber wenn dann ein sehr einsamer Weg. Bedenke dies gut!<\/td>\n<\/tr>\n<tr>\n<td>ICH<\/td>\n<td>Ihr kennt meine Entscheidung bereits?<\/td>\n<\/tr>\n<tr>\n<td>GS<\/td>\n<td>Nein.<\/td>\n<\/tr>\n<tr>\n<td>ICH<\/td>\n<td>Doch. Aus Euren Formulieren kann ich entnehmen, dass ihr die Antwort bereits wisst, wenn auch nicht bewusst.<\/td>\n<\/tr>\n<tr>\n<td>GS<\/td>\n<td>Das ist uns egal. Entscheide dich und fertig!<\/td>\n<\/tr>\n<tr>\n<td>ICH<\/td>\n<td>Ok&#8230;<\/td>\n<\/tr>\n<\/tbody>\n<\/table>\n","protected":false},"excerpt":{"rendered":"<p>Die Gemeinschaft (GS) hat sich heute aus mir heraus offenbart. Ich sehe sie als kollektive Anlage meiner Familie. Sie stellt eine Art unbewusste Verbindung zwischen allen Familienmitgliedern dar, die sich \u00fcber die Generationen immer mehr gefestigt hat. Im Folgenden habe ich versucht mit dieser unbewussten Kraft zu sprechen. November 2002 ICH Unsere Gemeinschaft ist in [&hellip;]<\/p>\n","protected":false},"author":1,"featured_media":0,"parent":0,"menu_order":0,"comment_status":"closed","ping_status":"closed","template":"","meta":{"footnotes":""},"class_list":["post-368","page","type-page","status-publish","hentry"],"_links":{"self":[{"href":"https:\/\/avnas-meditationsgruppe.de\/index.php?rest_route=\/wp\/v2\/pages\/368","targetHints":{"allow":["GET"]}}],"collection":[{"href":"https:\/\/avnas-meditationsgruppe.de\/index.php?rest_route=\/wp\/v2\/pages"}],"about":[{"href":"https:\/\/avnas-meditationsgruppe.de\/index.php?rest_route=\/wp\/v2\/types\/page"}],"author":[{"embeddable":true,"href":"https:\/\/avnas-meditationsgruppe.de\/index.php?rest_route=\/wp\/v2\/users\/1"}],"replies":[{"embeddable":true,"href":"https:\/\/avnas-meditationsgruppe.de\/index.php?rest_route=%2Fwp%2Fv2%2Fcomments&post=368"}],"version-history":[{"count":1,"href":"https:\/\/avnas-meditationsgruppe.de\/index.php?rest_route=\/wp\/v2\/pages\/368\/revisions"}],"predecessor-version":[{"id":369,"href":"https:\/\/avnas-meditationsgruppe.de\/index.php?rest_route=\/wp\/v2\/pages\/368\/revisions\/369"}],"wp:attachment":[{"href":"https:\/\/avnas-meditationsgruppe.de\/index.php?rest_route=%2Fwp%2Fv2%2Fmedia&parent=368"}],"curies":[{"name":"wp","href":"https:\/\/api.w.org\/{rel}","templated":true}]}}

Gespräch mit der Gemeinschaft

<p style="text-align: center;">Die Gemeinschaft (GS) hat sich heute aus mir heraus offenbart. Ich sehe sie als kollektive Anlage meiner Familie. Sie stellt eine Art unbewusste Verbindung zwischen allen Familienmitgliedern dar, die sich über die Generationen immer mehr gefestigt hat. Im Folgenden habe ich versucht mit dieser unbewussten Kraft zu sprechen.</p>
<h2 style="text-align: center;">November 2002</h2>
<table  class=" table table-hover" >
<tbody>
<tr>
<td>ICH</td>
<td>Unsere Gemeinschaft ist in letzter Zeit extrem ins Wanken geraten. Sicherlich auch, weil das Gespräch bisher ausblieb. Ich wusste nie recht, was und wie ich erzählen soll und ihr habt vorrangig in offenen Wunden gestochert.</td>
</tr>
<tr>
<td>GS</td>
<td>Unsere Wurzeln reichen weit zurück. Du stellst dich mit deinem Verhalten gegen die Erfahrungen und das Wissen von Generationen.</td>
</tr>
<tr>
<td>ICH</td>
<td>Ich stelle nicht Euch in Frage, sondern mich bzw. mein Leben. Ich möchte weder Euch noch irgendwen in der Familie ändern. Ich möchte nur akzeptiert werden. Ist das zu viel verlangt?</td>
</tr>
<tr>
<td>GS</td>
<td>Du trennst dich aus unserer Gemeinschaft, indem du deinen eigenen Weg gehst und dennoch erwartest du, dass wir zu dir stehen, auch wenn du uns den Rücken zukehrst?</td>
</tr>
<tr>
<td>ICH</td>
<td>Ihr seid ein Teil von mir geworden. Die Gemeinschaft macht den größten Teil meines bisherigen Lebens aus. Ich setze sie auf meine Weise fort, auch wenn dies im Moment einem Abwenden gleichkommen mag.</td>
</tr>
<tr>
<td>GS</td>
<td>Du drehst es wie du es brauchst! Es bleibt dabei, du wendest dich ab!</td>
</tr>
<tr>
<td>ICH</td>
<td>Was soll ich tun?</td>
</tr>
<tr>
<td>GS</td>
<td>Entscheide dich! Du kannst nur eines haben. Du willst alles, dazugehören, aber nicht so sein, wie es zum Dazugehören nötig wäre. Wenn du einem Club beitrittst musst du dich auch an die Regeln halten und kannst nicht erwarten, dass nur wegen dir der ganze Club umgekrempelt wird. Mach dir klar, welche Konsequenzen deine Entscheidung haben kann. Vielleicht bringt dich diese Entscheidung weiter von deinen Ursprüngen weg, als du es wirklich gewollt hättest. Was ist dir mehr wert?</td>
</tr>
<tr>
<td>ICH</td>
<td>Welche Konsequenzen hat eine Entscheidung denn?</td>
</tr>
<tr>
<td>GS</td>
<td>Von deiner Entscheidung hängt ab, ob du unsere Unterstützung bekommst oder nicht. Entscheidest du gegen uns, verschließt sich auch die Pforte zu dem unbewussten Wissen der Gemeinschaft. Dagegen bist du machtlos. Kehrst du jetzt zurück, wird dir sofort alle Hilfe aus der Gemeinschaft zukommen, die du benötigst um wieder auf die Beine zu kommen.</td>
</tr>
<tr>
<td>ICH</td>
<td>Warum seid ihr so hart und geradlinig?</td>
</tr>
<tr>
<td>GS</td>
<td>Härte und Gradlinigkeit sind Eigenschaften der Gemeinschaft. Unser Wissen beruht eben darauf, auf Härte und Durchhaltevermögen.</td>
</tr>
<tr>
<td>ICH</td>
<td>Seid ihr der alte Magier?</td>
</tr>
<tr>
<td>GS</td>
<td>Nein, mit so etwas haben wir nichts zu tun. Wir sind das Erbe deiner Vorfahren väterlicherseits. Im Moment findest du nur sehr wenig von uns in deinem Leben. Uns ist es egal, wie du dich entscheidest. Unsere Prinzipien stehen für sich und wir benötigen keine emotionalen Einflüsse, um unsere Entscheidungen zu treffen. Alles beruht auf Traditionen, Prinzipien und Vernunft. Lebst du nach diesen Regeln, lebst du nach uns und bist somit ein Teil von uns. Lebst du nicht nach ihnen, bist du kein Teil mehr von uns. Du verlierst damit die Kraft, die du mit uns hättest und den Anspruch auf die Unterstützung von uns, denn ein Teil der Gemeinschaft sein heißt gleichermaßen anspruchsberechtigt und verpflichtet zu sein.</td>
</tr>
<tr>
<td>ICH</td>
<td>Bedeutete dies eine Trennung von der Familie?</td>
</tr>
<tr>
<td>GS</td>
<td>Ja und Nein. Räumlich gesehen bedeutet es keine. Aber du wirst zu einem Außenseiter. Du wirst immer das Gefühl haben, nicht mehr dazu zu gehören. So ist es auch. Du gehörst nicht mehr dazu. Da wo du dann bist, ist keiner von uns und es will außer dir da auch keiner hin. Es ist vielleicht Dein, aber wenn dann ein sehr einsamer Weg. Bedenke dies gut!</td>
</tr>
<tr>
<td>ICH</td>
<td>Ihr kennt meine Entscheidung bereits?</td>
</tr>
<tr>
<td>GS</td>
<td>Nein.</td>
</tr>
<tr>
<td>ICH</td>
<td>Doch. Aus Euren Formulieren kann ich entnehmen, dass ihr die Antwort bereits wisst, wenn auch nicht bewusst.</td>
</tr>
<tr>
<td>GS</td>
<td>Das ist uns egal. Entscheide dich und fertig!</td>
</tr>
<tr>
<td>ICH</td>
<td>Ok&#8230;</td>
</tr>
</tbody>
</table>

<p>Die Gemeinschaft (GS) hat sich heute aus mir heraus offenbart. Ich sehe sie als kollektive Anlage meiner Familie. Sie stellt eine Art unbewusste Verbindung zwischen allen Familienmitgliedern dar, die sich über die Generationen immer mehr gefestigt hat. Im Folgenden habe ich versucht mit dieser unbewussten Kraft zu sprechen. November 2002 ICH Unsere Gemeinschaft ist in [&hellip;]</p>
