{"id":118,"date":"2017-03-31T18:42:22","date_gmt":"2017-03-31T16:42:22","guid":{"rendered":"http:\/\/avnas-meditationsgruppe.de\/?page_id=118"},"modified":"2017-07-25T16:14:38","modified_gmt":"2017-07-25T14:14:38","slug":"gespraeche-ueber-den-tod","status":"publish","type":"page","link":"https:\/\/avnas-meditationsgruppe.de\/?page_id=118","title":{"rendered":"Gespr\u00e4che \u00fcber den Tod"},"content":{"rendered":"<h2 style=\"text-align: center;\">Mein Kater Salem (Oktober 2015)<\/h2>\n<p><img loading=\"lazy\" decoding=\"async\" class=\"aligncenter size-full wp-image-239\" src=\"http:\/\/avnas-meditationsgruppe.de\/wp-content\/uploads\/2017\/03\/Salem.jpg\" alt=\"\" width=\"734\" height=\"979\" srcset=\"https:\/\/avnas-meditationsgruppe.de\/wp-content\/uploads\/2017\/03\/Salem.jpg 734w, https:\/\/avnas-meditationsgruppe.de\/wp-content\/uploads\/2017\/03\/Salem-225x300.jpg 225w\" sizes=\"auto, (max-width: 734px) 100vw, 734px\" \/><\/p>\n<p style=\"text-align: center;\">In den zur\u00fcckliegenden Wochen ging es Salem zunehmend schlechter. Einige Zeit haben wir ihn mit vielen Medikamenten und regelm\u00e4\u00dfigen Infusionen versucht \u201ezu retten\u201c, doch da er darauf allm\u00e4hlich mit immer mehr Angst und Abwehr reagierte, stellten wir dies vor etwa 6 Wochen ganz ein. Dadurch ging es ihm kurzzeitig wieder etwas besser, vor allen Dingen verlor sich aber seine Angst. Nur das Fressen blieb unver\u00e4ndert schlecht. Er nahm kontinuierlich ab und schien auch nicht gewillt, egal was wir taten, wieder mehr zu sich zu nehmen. Cheffe (mein Geistf\u00fchrer) sagte mir vor ein paar Wochen, dass wir aufh\u00f6ren sollten mit dem Futter zu experimentieren, was wir dann auch versuchten durchzuhalten.<br \/>\nTrotzdem wurde Salem immer schw\u00e4cher und so habe ich mich am Sonntagabend auf die mentale Reise gemacht, jemand zu finden, der ihm vielleicht helfen k\u00f6nnte. Ich flog sehr weit nach oben und stand pl\u00f6tzlich in einer Welt voller Tiere, alles war gr\u00fcn und harmonisch. Die ganze Welt schien in sich verbunden. Im Zentrum stand eine gro\u00dfe Gestalt, die ganz offensichtlich eine Art \u201eChef-Rolle\u201c hatte. Die Gestalt ist schwer zu beschreiben. Sie war eine Mischung aus Baum, Mensch und Tier. Sie hatte ein Gesicht, hatte aber auch irgendwie eine L\u00f6wenm\u00e4hne. Besonders auff\u00e4llig waren ihre Arme, von denen sie so viele hatte, dass ich sie nicht z\u00e4hlen konnte. Diese waren auch die ganze Zeit in Bewegung. Ich sp\u00fcrte, dass sie nicht gerade auf mich gewartet hatte und mich eher missg\u00fcnstig be\u00e4ugte. Um die Gelegenheit nicht zu verpassen erkl\u00e4rte ich ihr kurzerhand, dass ich einen Kater zu Hause habe, dem es sehr schlecht geht und fragte sie, ob sie ihm helfen k\u00f6nne. Ohne lang zu z\u00f6gern sagte sie zu mitzukommen und ihn sich anzusehen. Sie kam daraufhin mit mir mit bis zu Salem, der gerade auf seiner Lieblingsdecke lag und kaum dass sie bei ihm war, schienen die vielen Arme anzufangen zu arbeiten. Danach holte mich erstmal wieder der Alltag ein.<\/p>\n<p style=\"text-align: center;\">Am n\u00e4chsten Abend begann sich in mir ein starker Widerstand aufzubauen. Etwas bedr\u00e4ngte mich innerlich, ohne dass ich es einordnen konnte. Erst am darauffolgenden Tag realisierte ich, dass es die Gestalt war, die in meiner Verbindung zu Salem stand und mich heraus zu jagen schien. Es f\u00fchlte sich wie Feuer in meine Richtung an. Etwas in mir verstand aber komischerweise sofort, was sie von mir wollte. Es war nicht meine Verbindung, die sie st\u00f6rte, sondern der Druck den ich auf Salem \u00fcber diese Verbindung unbewusst aus\u00fcbte. Ich wollte dass er wieder frisst, dass es ihm wieder besser geht. Ich wollte ihn nicht verlieren.<\/p>\n<p style=\"text-align: center;\">Ich sollte sofort damit aufh\u00f6ren! Das verstand ich in dem Augenblick auch und zog mich unmittelbar aus der Verbindung zur\u00fcck. Diese Ver\u00e4nderung erzeugte in mir eine gro\u00dfe Traurigkeit. Ich glaube, ich realisierte in diesem Augenblick, dass ich nun nichts mehr f\u00fcr ihn tun konnte. Ab diesem Moment konnte ich die Gestalt viel besser sehen und sie sprach auch mit mir. Sie zeigte mir, dass ich mich auf meine Liebe zu Salem konzentrieren sollte und ihm diese auch jederzeit schicken k\u00f6nne, was ich von da ab so oft ich konnte machte. Dadurch verflog die Traurigkeit wieder und die Verbindung zu Salem wurde sogar noch st\u00e4rker.<\/p>\n<p style=\"text-align: center;\">Am Dienstagabend passierte dann etwas \u00dcberraschendes. Mit einem Mal tauchte in mir ein Gef\u00fchl auf, dass ich handeln m\u00fcsse. Dieses Gef\u00fchl kam aber nicht von mir selbst sondern von der Gestalt. Salem ging es immer noch sehr schlecht. Nach langem Ringen, Kartenlegen und Gespr\u00e4chen mit Claudi verwarfen wir die Entscheidung, keine Medikamente mehr zu geben und ich verabreichte ihm schlie\u00dflich ein Schmerzmittel, in der Hoffnung, dass ihm dies hilft.<\/p>\n<p style=\"text-align: center;\">Am Mittwoch-Morgen funktionierte ich dann \u00fcberhaupt nicht richtig. Salem hatte kaum auf das Schmerzmittel angesprochen. Ich kam nicht in die G\u00e4nge, wollte mich noch etwas mit Salem befassen und dann auf Arbeit fahren. Da ich au\u00dferdem zum Kunden sollte, war Anzug-Pflicht. Als ich fast beim Bus war und feststellte, dass ich zwar den Anzug aber Turnschuhe anhatte, realisierte ich, dass dies nicht grundlos passiert war. Ich ging wieder nach Hause, um von da zu arbeiten, sagte den Kundentermin ab und bat die Tier\u00e4rztin vorbei zu kommen. Diese kam gegen Mittag und gab Salem einige Dinge, die ihn St\u00e4rken und St\u00fctzen sollten.<\/p>\n<p style=\"text-align: center;\">Dennoch baute er rapide weiter ab, nachdem sie weg war. Am Abend konnte er nicht einmal mehr aufstehen und schrie sofort laut, wenn nicht Claudi oder ich bei ihm lag. Wir riefen schlie\u00dflich den Tiernotdienst. Mittlerweile hatte Salem nicht mal mehr die Kraft zu schreien. Wir entschieden uns, sein Leiden zu beenden und er bekam von der \u00c4rztin Spritzen, mit denen er ganz langsam einschlief. So konnten wir bei ihm sein und ihn bis zur letzten Sekunde begleiten. Salem hat uns schlie\u00dflich verlassen, ganz friedlich sah er aus, ohne Angst und ohne Schmerzen.<\/p>\n<p style=\"text-align: center;\">Am sp\u00e4ten Donnerstagabend wurde er zur Ein\u00e4scherung abgeholt und wir hatten uns dazu entschlossen, seine Urne sp\u00e4ter in die Wohnung zu stellen. Als der Mann mit ihm verschwunden war, f\u00fchlte sich die Wohnung pl\u00f6tzlich ganz leer an. Ich versuchte ihn irgendwo mit meinem Gef\u00fchl aufzusp\u00fcren, aber da war nichts. Auch am Freitagmorgen hatte sich nichts daran ge\u00e4ndert. Die Gestalt hatte mir noch versprochen, dass sie bei ihm bleiben w\u00fcrde und ihn sp\u00e4ter wieder zu uns bringt, was ich mir aber irgendwie nicht vorstellen konnte. Warum sollte er zur\u00fcckkehren?<\/p>\n<p style=\"text-align: center;\">Mit diesem Grundgef\u00fchl kam ich am Freitagabend nach Hause. Ich hatte extra l\u00e4nger gearbeitet, weil ich mich vor der leeren Wohnung f\u00fcrchtete. Doch als ich sie betrat, war mein Gef\u00fchl ein ganz anderes. Die Wohnung war voller W\u00e4rme und Liebe. Ich ordnete dieses Gef\u00fchl erstmal der Fu\u00dfbodenheizung zu und meditierte etwas. Dabei sortierte sich das Gef\u00fchl nach und nach. Ich merkte, dass es ein starkes Leuchten war, welches sich genau auf mich richtete und aus dem K\u00fcchenbereich kam. Aber es war keine Katze, dass konnte ich beim besten Willen nicht unterbringen. Das Gef\u00fchl war so stark, dass ich einige Zeit brauchte, um es zulassen zu k\u00f6nnen. Erst allm\u00e4hlich bekam ich ein Bild und musste feststellen, dass es zwar Salem war, von dem das Gef\u00fchl ausging, aber er jetzt eine Menschengestalt hatte. Das war extrem verwirrend, zumal ich diese Gestalt vor einigen Wochen schon mal in einem Traum gesehen hatte. In diesem versuchte Salem durch eine Art Glastisch zu tauchen, dessen Tischplatte zwei \u00d6ffnungen hatte und etwas 30 cm Wasserh\u00f6he beinhaltete. Als Salem da durchtauchte, kam er zwar noch mit dem Kopf bis zur anderen \u00d6ffnung, verwandelte sich dabei aber in einen Menschen. In genau diese Gestalt. Nachdem meine Verwirrung sich etwas gelegt hatte, stellte ich fest, dass ich nun mit ihm reden konnte. Was meine Erinnerung noch hergibt, versuche ich im Folgenden zusammen zu tragen.<\/p>\n<table  class=\" table table-hover\" >\n<tbody>\n<tr>\n<td>Jens<\/td>\n<td>Bleibst Du jetzt bei uns?<\/td>\n<\/tr>\n<tr>\n<td>Salem<\/td>\n<td>Ich werde noch eine kurze Zeit hier bleiben und dann gehen.<\/td>\n<\/tr>\n<tr>\n<td>Jens<\/td>\n<td>Wirst Du wieder zu uns kommen?<\/td>\n<\/tr>\n<tr>\n<td>Salem<\/td>\n<td>Das wei\u00df ich nicht. Es ist auch nicht wichtig f\u00fcr mich. Ich lege mich niemals fest. Ich m\u00f6chte frei bleiben und mir keine Grenzen auferlegen. Wenn wir uns wiedersehen freue ich mich, wenn nicht wird es auch richtig sein.<\/td>\n<\/tr>\n<tr>\n<td>Jens<\/td>\n<td>Wieso hast Du keine Katzengestalt mehr?<\/td>\n<\/tr>\n<tr>\n<td>Salem<\/td>\n<td>Weil ich jetzt wieder frei bin und nicht mehr in der Rolle als Katze.<\/td>\n<\/tr>\n<tr>\n<td>Jens<\/td>\n<td>Wirst Du irgendwann ein Mensch sein?<\/td>\n<\/tr>\n<tr>\n<td>Salem<\/td>\n<td>Menschsein ist nichts f\u00fcr mich. Das ist mir zu anstrengend.<\/td>\n<\/tr>\n<tr>\n<td>Jens<\/td>\n<td>Warst Du schon einmal einer?<\/td>\n<\/tr>\n<tr>\n<td>Salem<\/td>\n<td>Ja.<\/td>\n<\/tr>\n<tr>\n<td>Jens<\/td>\n<td>Was ist so schlimm daran?<\/td>\n<\/tr>\n<tr>\n<td>Salem<\/td>\n<td>Als Mensch tr\u00e4gt man eine schwere Last. Das ist das Los, welches man zieht, wenn man Mensch sein will. Ich bin lieber eine Katze, frei und ohne gro\u00dfe Verantwortung.<\/td>\n<\/tr>\n<tr>\n<td>Jens<\/td>\n<td>Hast Du manchmal gedacht, wir haben nicht alle Tassen im Schrank, wenn Du uns beobachtetest?<\/td>\n<\/tr>\n<tr>\n<td>Salem<\/td>\n<td>Nein! Tiere wissen um die Last, die ihr tragen m\u00fcsst!<\/td>\n<\/tr>\n<tr>\n<td>Jens<\/td>\n<td>Alle?<\/td>\n<\/tr>\n<tr>\n<td>Salem<\/td>\n<td>Ja, ich glaube alle!<\/td>\n<\/tr>\n<tr>\n<td>Jens<\/td>\n<td>Bist Du irgendwie b\u00f6se auf mich? Ich habe mich ja nicht immer fair Dir gegen\u00fcber verhalten?<\/td>\n<\/tr>\n<tr>\n<td>Salem<\/td>\n<td>Nein! Es war alles in Ordnung! Mach Dir keine Gedanken dar\u00fcber!<\/td>\n<\/tr>\n<tr>\n<td>Jens<\/td>\n<td>War es richtig Dich \u201egehen zu lassen\u201c?<\/td>\n<\/tr>\n<tr>\n<td>Salem<\/td>\n<td>In den letzten Tagen und Stunden wurde es immer dunkler und diese Dunkelheit hat mich hierher gef\u00fchrt. Eure Entscheidung f\u00fchrte nur dazu, dass die letzten Augenblicke noch einmal hell waren. Daf\u00fcr bin ich Euch sehr dankbar. Es ist f\u00fcr mich etwas au\u00dfergew\u00f6hnliches, nichts was ich erwarten w\u00fcrde. Als Katze ist man normaler Weise Einzelg\u00e4nger, lebt immer auf gewisser Distanz zu seinen Menschen. Die Beziehung zu Euch war anders, etwas Besonderes.<\/td>\n<\/tr>\n<tr>\n<td>Jens<\/td>\n<td>Wie ordnest Du meine damalige Trennung von meiner Frau ein? Du warst ja die ganze Zeit dabei?<\/td>\n<\/tr>\n<tr>\n<td>Salem<\/td>\n<td>Du musstest gehen! Es gab keine Alternative dazu!<\/td>\n<\/tr>\n<tr>\n<td>Salem<\/td>\n<td>Das ist der Unterschied zwischen Katze und Mensch. Obwohl es ganz einfach ist, ist es f\u00fcr Euch unglaublich schwer. Ihr seid eben Menschen. Wenn Du irgendwann hier stehst, wo ich gerade stehe, wirst Du verstehen was ich meine, denn wir sind gleich.<\/td>\n<\/tr>\n<tr>\n<td>Jens<\/td>\n<td>Wie meinst Du das?<\/td>\n<\/tr>\n<tr>\n<td>Salem<\/td>\n<td>Das ist wie in einer Schule. In der Hofpause sind alle Klassen zusammen auf dem Schulhof. Sie sind gleich. Erst wenn es in die Klassenzimmer zur\u00fcckgeht, nehmen sie wieder verschiedene T\u00fcren. Die einen werden Menschen, die anderen Tiere.<\/td>\n<\/tr>\n<tr>\n<td>Jens<\/td>\n<td>Hei\u00dft das, in der Welt dazwischen sind wir alle zusammen?<\/td>\n<\/tr>\n<tr>\n<td>Salem<\/td>\n<td>Ja, da sind wir alle gleich!<\/td>\n<\/tr>\n<tr>\n<td>Jens<\/td>\n<td>Sind Pflanzen da auch?<\/td>\n<\/tr>\n<tr>\n<td>Salem<\/td>\n<td>Nein, ich habe noch keine getroffen! Ich glaube die sind woanders!<\/td>\n<\/tr>\n<tr>\n<td>Jens<\/td>\n<td>Suchst Du Dir Dein Leben aus?<\/td>\n<\/tr>\n<tr>\n<td>Salem<\/td>\n<td>Nein! F\u00fcr uns Tiere gibt es nur eine Richtung, n\u00e4mlich die nach vorn. Wir bewegen uns von Leben zu Leben und lernen dabei, genau wir Ihr als Menschen auch. Aber wir haben keine Verantwortung dabei! Es gibt keine Fragen, ob wir f\u00fcr unser Schicksal verantwortlich seien. Das interessiert uns nicht! F\u00fcr uns ist das Leben eher wie eine Spielwiese und ich freue mich jetzt schon auf das n\u00e4chste Leben!<\/td>\n<\/tr>\n<tr>\n<td>Jens<\/td>\n<td>Gilt das f\u00fcr alle Tiere?<\/td>\n<\/tr>\n<tr>\n<td>Salem<\/td>\n<td>Nein, nicht f\u00fcr alle, aber f\u00fcr die meisten.<\/td>\n<\/tr>\n<tr>\n<td>Jens<\/td>\n<td>Sind das alles Wesen, die keine Menschen sein wollen?<\/td>\n<\/tr>\n<tr>\n<td>Salem<\/td>\n<td>Ja, ich habe schon viele kennengelernt, die so denken.<\/td>\n<\/tr>\n<tr>\n<td>Jens<\/td>\n<td>Wirst Du Deine Familie nochmal besuchen?<\/td>\n<\/tr>\n<tr>\n<td>Salem<\/td>\n<td>Nein, ich habe keinen Bezug und keine Verbindung zu ihnen. Bei ihnen bin ich gestartet, sonst nichts.<\/td>\n<\/tr>\n<tr>\n<td>Jens<\/td>\n<td>Wie war das in den Tagen nachdem Claudis Mama gestorben war. Hast Du ihren Geist bei uns gesehen?<\/td>\n<\/tr>\n<tr>\n<td>Salem<\/td>\n<td>Nein, ich habe sie nicht gesehen, aber ich wusste, dass sie da war. Es hat mich weder gest\u00f6rt noch in mir Angst ausgel\u00f6st. Es hat mich nicht besch\u00e4ftigt.<\/td>\n<\/tr>\n<tr>\n<td>Jens<\/td>\n<td>Was ist mit dem anderen Geist, der aufgetaucht ist?<\/td>\n<\/tr>\n<tr>\n<td>Salem<\/td>\n<td>Auch ihn habe ich nicht gesehen. Ich wusste aber, dass etwas nicht stimmt und etwas da war, was da nicht hingeh\u00f6rte. Ich habe es versucht zu meiden.<br \/>\nWir Katzen haben keinen solchen Bezug zum Sehen wie ihr. Wir sp\u00fcren, dass etwas nicht stimmt. Wir haben kein Interesse daran, das auch noch zu sehen!<\/td>\n<\/tr>\n<tr>\n<td>Jens<\/td>\n<td>Hatte dieses Wesen etwas mit Dir oder uns zu tun? War es vielleicht sogar Willi?<\/td>\n<\/tr>\n<tr>\n<td>Salem<\/td>\n<td>Aus heutiger Sicht: \u201eNein!\u201c, es hatte nichts mit uns zu tun! Damals habe ich mich mit dieser Frage nicht befasst.<\/td>\n<\/tr>\n<tr>\n<td>Jens<\/td>\n<td>Wie hast Du uns damals gesehen?<\/td>\n<\/tr>\n<tr>\n<td>Salem<\/td>\n<td>Ich war extrem verwirrt und konnte die Ver\u00e4nderungen nicht einordnen. Das hat mir viel Stress bereitet und mein Gleichgewicht durcheinandergebracht.<\/td>\n<\/tr>\n<tr>\n<td>Jens<\/td>\n<td>Bist Du deshalb krank geworden?<\/td>\n<\/tr>\n<tr>\n<td>Salem<\/td>\n<td>Ja! Aber es ist nicht Eure schuld! Nur ihr als Menschen habt die F\u00e4higkeit des Verstehens und Einordnens von Ver\u00e4nderungen. Ich als Katze habe diese nicht.<\/td>\n<\/tr>\n<tr>\n<td>Salem<\/td>\n<td>Diese Phase war f\u00fcr mich so &#8211; Du w\u00fcrdest es in Deiner Welt wohl als Zeichen bezeichnen. Ich wusste, dass es nun meinem Ende entgegen gehen wird.<\/td>\n<\/tr>\n<tr>\n<td>Jens<\/td>\n<td>W\u00e4re es anders gekommen, wenn wir uns anders verhalten h\u00e4tten?<\/td>\n<\/tr>\n<tr>\n<td>Salem<\/td>\n<td>Ich glaube der Zeitpunkt stand fest. Der Stress f\u00fchrte zwar zu meiner Erkrankung, aber ihr habt darauf wiederum reagiert und vieles ver\u00e4ndert, was mich wieder st\u00fctzte. Ohne meine Erkrankung w\u00e4re mein Gleichgewicht l\u00e4nger geblieben, aber mein K\u00f6rper w\u00e4re auch unbemerkt st\u00e4rker belastet worden. Mein Tod w\u00e4re f\u00fcr alle nur \u00fcberraschender gekommen, aber nicht zu einem anderen Zeitpunkt!<\/td>\n<\/tr>\n<tr>\n<td>Jens<\/td>\n<td>Wieso haben Katzen solche Angst vor dem \u201eWegfahren\u201c?<\/td>\n<\/tr>\n<tr>\n<td>Salem<\/td>\n<td>Wir besch\u00e4ftigen uns nicht mit Dingen, die au\u00dferhalb unserer Welt liegen. Wenn wir pl\u00f6tzlich aus der gewohnten Umgebung gerissen werden und Ihr mit uns nach drau\u00dfen geht, dann ist das eine v\u00f6llig unbekannte Welt. Wir haben keinen Bezug dazu und auch keine Vorstellung davon. Es ist vielleicht vergleichbar mit dem Nichts. Das ist aber das Los was man zieht, wenn man Katze wird.<\/td>\n<\/tr>\n<tr>\n<td>Jens<\/td>\n<td>Kann man denn da etwas tun?<\/td>\n<\/tr>\n<tr>\n<td>Salem<\/td>\n<td>Ja, indem Ihr Euch so bewegt, wie es eine Katze in der Natur auch tut. Schritt f\u00fcr Schritt.<\/td>\n<\/tr>\n<tr>\n<td>Jens<\/td>\n<td>W\u00fcrde es Dich st\u00f6ren, wenn wir uns irgendwann eine neue Katze anschaffen?<\/td>\n<\/tr>\n<tr>\n<td>Salem<\/td>\n<td>Nein, nat\u00fcrlich nicht!<\/td>\n<\/tr>\n<tr>\n<td>Jens<\/td>\n<td>Hast Du einen Tipp?<\/td>\n<\/tr>\n<tr>\n<td>Salem<\/td>\n<td>Wenn Ihr Euch eine neue Katze sucht, schaut nicht nach dem \u00c4u\u00dferen sondern achtet auf die Augen!<\/td>\n<\/tr>\n<tr>\n<td>Jens<\/td>\n<td>W\u00e4rest Du wie Lissi erblindet, wie w\u00e4re das f\u00fcr Dich gewesen?<\/td>\n<\/tr>\n<tr>\n<td>Salem<\/td>\n<td>F\u00fcr uns sind solche Ver\u00e4nderungen eher wie Spielzeuge. Blindheit w\u00e4re f\u00fcr mich kein Problem gewesen. Jede Reise aus der Wohnung heraus w\u00e4re viel schlimmer!<\/td>\n<\/tr>\n<tr>\n<td>Jens<\/td>\n<td>Hat Dir die Natur nicht gefehlt?<\/td>\n<\/tr>\n<tr>\n<td>Salem<\/td>\n<td>Es ist f\u00fcr Euch schwer zu verstehen, aber ich genie\u00dfe die Stille und das Alleinsein!<\/td>\n<\/tr>\n<tr>\n<td>Jens<\/td>\n<td>Hat das Radio trotzdem geholfen?<\/td>\n<\/tr>\n<tr>\n<td>Salem<\/td>\n<td>Das war lieb gemeint, aber v\u00f6llig daneben. (Er l\u00e4chelt dabei)<\/td>\n<\/tr>\n<tr>\n<td>Jens<\/td>\n<td>Wieso hast Du trotzdem h\u00e4ufig genau in dem Zimmer gelegen?<\/td>\n<\/tr>\n<tr>\n<td>Salem<\/td>\n<td>Wegen des Platzes und weil es sch\u00f6n k\u00fchl war! Das Radio hat nur genervt!<\/td>\n<\/tr>\n<tr>\n<td>Jens<\/td>\n<td>Hast Du einen Rat an uns?<\/td>\n<\/tr>\n<tr>\n<td>Salem<\/td>\n<td>Versucht das Leben etwas spielerischer anzugehen. Die Last entsteht, weil ihr alles miteinander verbindet.<\/td>\n<\/tr>\n<tr>\n<td>Jens<\/td>\n<td>Wieso hast Du manchmal geschnauft? Warst Du tats\u00e4chlich frustriert?<\/td>\n<\/tr>\n<tr>\n<td>Salem<\/td>\n<td>Ja, das Schnaufen kam von meinem Frust. Allerdings weniger in Bezug auf die Au\u00dfenwelt. H\u00e4ufiger war es Frustration \u00fcber meinen Zustand und die Beschr\u00e4nkungen, die pl\u00f6tzlich hinzukamen.<\/td>\n<\/tr>\n<tr>\n<td>Jens<\/td>\n<td>Was denkst Du \u00fcber die Urne, die wir behalten wollen? Findest Du das albern?<\/td>\n<\/tr>\n<tr>\n<td>Salem<\/td>\n<td>Keineswegs. Ich sehe dies als Zeichen Eurer Wertsch\u00e4tzung an und freue mich dar\u00fcber.<\/td>\n<\/tr>\n<tr>\n<td>Jens<\/td>\n<td>Warum konnte ich nicht mit Dir reden, als Du noch lebtest? Ich habe es h\u00e4ufiger versucht, aber irgendwie schienst Du mich nicht zu verstehen?<\/td>\n<\/tr>\n<tr>\n<td>Salem<\/td>\n<td>Das war nicht m\u00f6glich. Solange ich eine Katze bin, kann ich auch nur tun, was eine Katze tun kann und auch nur verstehen, was eine Katze versteht.<\/td>\n<\/tr>\n<\/tbody>\n<\/table>\n","protected":false},"excerpt":{"rendered":"<p>Mein Kater Salem (Oktober 2015) In den zur\u00fcckliegenden Wochen ging es Salem zunehmend schlechter. Einige Zeit haben wir ihn mit vielen Medikamenten und regelm\u00e4\u00dfigen Infusionen versucht \u201ezu retten\u201c, doch da er darauf allm\u00e4hlich mit immer mehr Angst und Abwehr reagierte, stellten wir dies vor etwa 6 Wochen ganz ein. Dadurch ging es ihm kurzzeitig wieder [&hellip;]<\/p>\n","protected":false},"author":1,"featured_media":0,"parent":0,"menu_order":0,"comment_status":"closed","ping_status":"closed","template":"","meta":{"footnotes":""},"class_list":["post-118","page","type-page","status-publish","hentry"],"_links":{"self":[{"href":"https:\/\/avnas-meditationsgruppe.de\/index.php?rest_route=\/wp\/v2\/pages\/118","targetHints":{"allow":["GET"]}}],"collection":[{"href":"https:\/\/avnas-meditationsgruppe.de\/index.php?rest_route=\/wp\/v2\/pages"}],"about":[{"href":"https:\/\/avnas-meditationsgruppe.de\/index.php?rest_route=\/wp\/v2\/types\/page"}],"author":[{"embeddable":true,"href":"https:\/\/avnas-meditationsgruppe.de\/index.php?rest_route=\/wp\/v2\/users\/1"}],"replies":[{"embeddable":true,"href":"https:\/\/avnas-meditationsgruppe.de\/index.php?rest_route=%2Fwp%2Fv2%2Fcomments&post=118"}],"version-history":[{"count":6,"href":"https:\/\/avnas-meditationsgruppe.de\/index.php?rest_route=\/wp\/v2\/pages\/118\/revisions"}],"predecessor-version":[{"id":270,"href":"https:\/\/avnas-meditationsgruppe.de\/index.php?rest_route=\/wp\/v2\/pages\/118\/revisions\/270"}],"wp:attachment":[{"href":"https:\/\/avnas-meditationsgruppe.de\/index.php?rest_route=%2Fwp%2Fv2%2Fmedia&parent=118"}],"curies":[{"name":"wp","href":"https:\/\/api.w.org\/{rel}","templated":true}]}}