{"id":215,"date":"2017-06-19T19:52:12","date_gmt":"2017-06-19T17:52:12","guid":{"rendered":"http:\/\/avnas-meditationsgruppe.de\/?page_id=215"},"modified":"2017-07-25T16:16:48","modified_gmt":"2017-07-25T14:16:48","slug":"gespraeche-ueber-den-weltuntergang","status":"publish","type":"page","link":"http:\/\/avnas-meditationsgruppe.de\/?page_id=215","title":{"rendered":"Gespr\u00e4che \u00fcber den Weltuntergang"},"content":{"rendered":"<h2 style=\"text-align: center;\">Disput mit dem Wesen des Untergangs (Juli 2009)<\/h2>\n<table  class=\" table table-hover\" >\n<tbody>\n<tr>\n<td>Jens<\/td>\n<td>Was wird 2012 passieren?<\/td>\n<\/tr>\n<tr>\n<td>Wesen des Untergangs<\/td>\n<td>Was h\u00e4ttest Du denn gerne?<\/td>\n<\/tr>\n<tr>\n<td>Jens<\/td>\n<td>Na nix. Nur meine Ruhe. *g* Ich wollte ja nicht wissen was ich will, sondern was passieren wird!<\/td>\n<\/tr>\n<tr>\n<td>Wesen des Untergangs<\/td>\n<td>Warum glaubst Du, das sei ein Unterschied?<\/td>\n<\/tr>\n<tr>\n<td>Jens<\/td>\n<td>Wie meinst Du das?<\/td>\n<\/tr>\n<tr>\n<td>Wesen des Untergangs<\/td>\n<td>Weil es ein Bed\u00fcrfnis ist, was in Euch schon seit Generationen heranw\u00e4chst.<\/td>\n<\/tr>\n<tr>\n<td>Jens<\/td>\n<td>Unsinn! Warum sollte es?<\/td>\n<\/tr>\n<tr>\n<td>Wesen des Untergangs<\/td>\n<td>Welchen Grund solltet ihr sonst haben, die Welt in der ihr lebt langsam zu zerst\u00f6ren? Das schlimmste was der Menschheit passieren k\u00f6nnte ist, dass nichts passiert. Wenn nichts vom Himmel f\u00e4llt und das Universum einfach zusieht, gibt es auch nichts, was euch erl\u00f6st.<\/td>\n<\/tr>\n<tr>\n<td>Jens<\/td>\n<td>Erl\u00f6sung? Wovon sollte ich erl\u00f6st werden?<\/td>\n<\/tr>\n<tr>\n<td>Wesen des Untergangs<\/td>\n<td>Von Deiner Schuld, Deiner Last. Der Weltuntergang oder der Faustschlag Gottes ist Eure Hoffnung, denn er w\u00fcrde reinen Tisch machen. Die Schuld ist es, die den Untergang herbeisehnt und ihn auch herbeif\u00fchren wird.<\/td>\n<\/tr>\n<tr>\n<td>Jens<\/td>\n<td>Das ist doch unlogisch! Die Welt ver\u00e4ndert doch gerade ihre Sicht, Klimaschutz usw. Was ist damit?<\/td>\n<\/tr>\n<tr>\n<td>Wesen des Untergangs<\/td>\n<td>Schuld ist eine Art Dinge zu betrachten. Schuld kann nur sein, wer sich verantwortlich f\u00fchlt. Verantwortung entspringt dem Gef\u00fchl Bedeutung zu haben. Um Eure Schuld abzuwerfen m\u00fcsstet ihr erkennen wie bedeutungslos alles ist was ihr tut. In einem endlosen Universum spielt es keine Rolle, ob die Erde dies oder das tut, ob ihr W\u00e4lder abholzt, Tiere t\u00f6tet oder eben nicht. Dem Universum ist das egal. Das ist es was ihr begreifen m\u00fcsst. Nur ihr habt Interesse daran, dass die Welt nicht den Weg geht, den sie gerade geht. Du wirst immer wieder in diese Welt geboren und jedes Mal gef\u00e4llt sie Dir weniger. Das ist unlogisch!<\/td>\n<\/tr>\n<tr>\n<td>Jens<\/td>\n<td>Ah langsam verstehe ich. Also hoffen wir insgeheim, dass uns etwas bremst und auf den rechten Weg bringt?<\/td>\n<\/tr>\n<tr>\n<td>Wesen des Untergangs<\/td>\n<td>So ist es, ja.<\/td>\n<\/tr>\n<\/tbody>\n<\/table>\n","protected":false},"excerpt":{"rendered":"<p>Disput mit dem Wesen des Untergangs (Juli 2009) Jens Was wird 2012 passieren? Wesen des Untergangs Was h\u00e4ttest Du denn gerne? Jens Na nix. Nur meine Ruhe. *g* Ich wollte ja nicht wissen was ich will, sondern was passieren wird! Wesen des Untergangs Warum glaubst Du, das sei ein Unterschied? Jens Wie meinst Du das? [&hellip;]<\/p>\n","protected":false},"author":1,"featured_media":0,"parent":0,"menu_order":0,"comment_status":"closed","ping_status":"closed","template":"","meta":{"footnotes":""},"class_list":["post-215","page","type-page","status-publish","hentry"],"_links":{"self":[{"href":"http:\/\/avnas-meditationsgruppe.de\/index.php?rest_route=\/wp\/v2\/pages\/215","targetHints":{"allow":["GET"]}}],"collection":[{"href":"http:\/\/avnas-meditationsgruppe.de\/index.php?rest_route=\/wp\/v2\/pages"}],"about":[{"href":"http:\/\/avnas-meditationsgruppe.de\/index.php?rest_route=\/wp\/v2\/types\/page"}],"author":[{"embeddable":true,"href":"http:\/\/avnas-meditationsgruppe.de\/index.php?rest_route=\/wp\/v2\/users\/1"}],"replies":[{"embeddable":true,"href":"http:\/\/avnas-meditationsgruppe.de\/index.php?rest_route=%2Fwp%2Fv2%2Fcomments&post=215"}],"version-history":[{"count":2,"href":"http:\/\/avnas-meditationsgruppe.de\/index.php?rest_route=\/wp\/v2\/pages\/215\/revisions"}],"predecessor-version":[{"id":271,"href":"http:\/\/avnas-meditationsgruppe.de\/index.php?rest_route=\/wp\/v2\/pages\/215\/revisions\/271"}],"wp:attachment":[{"href":"http:\/\/avnas-meditationsgruppe.de\/index.php?rest_route=%2Fwp%2Fv2%2Fmedia&parent=215"}],"curies":[{"name":"wp","href":"https:\/\/api.w.org\/{rel}","templated":true}]}}

Gespräche über den Weltuntergang

<h2 style="text-align: center;">Disput mit dem Wesen des Untergangs (Juli 2009)</h2>
<table  class=" table table-hover" >
<tbody>
<tr>
<td>Jens</td>
<td>Was wird 2012 passieren?</td>
</tr>
<tr>
<td>Wesen des Untergangs</td>
<td>Was hättest Du denn gerne?</td>
</tr>
<tr>
<td>Jens</td>
<td>Na nix. Nur meine Ruhe. *g* Ich wollte ja nicht wissen was ich will, sondern was passieren wird!</td>
</tr>
<tr>
<td>Wesen des Untergangs</td>
<td>Warum glaubst Du, das sei ein Unterschied?</td>
</tr>
<tr>
<td>Jens</td>
<td>Wie meinst Du das?</td>
</tr>
<tr>
<td>Wesen des Untergangs</td>
<td>Weil es ein Bedürfnis ist, was in Euch schon seit Generationen heranwächst.</td>
</tr>
<tr>
<td>Jens</td>
<td>Unsinn! Warum sollte es?</td>
</tr>
<tr>
<td>Wesen des Untergangs</td>
<td>Welchen Grund solltet ihr sonst haben, die Welt in der ihr lebt langsam zu zerstören? Das schlimmste was der Menschheit passieren könnte ist, dass nichts passiert. Wenn nichts vom Himmel fällt und das Universum einfach zusieht, gibt es auch nichts, was euch erlöst.</td>
</tr>
<tr>
<td>Jens</td>
<td>Erlösung? Wovon sollte ich erlöst werden?</td>
</tr>
<tr>
<td>Wesen des Untergangs</td>
<td>Von Deiner Schuld, Deiner Last. Der Weltuntergang oder der Faustschlag Gottes ist Eure Hoffnung, denn er würde reinen Tisch machen. Die Schuld ist es, die den Untergang herbeisehnt und ihn auch herbeiführen wird.</td>
</tr>
<tr>
<td>Jens</td>
<td>Das ist doch unlogisch! Die Welt verändert doch gerade ihre Sicht, Klimaschutz usw. Was ist damit?</td>
</tr>
<tr>
<td>Wesen des Untergangs</td>
<td>Schuld ist eine Art Dinge zu betrachten. Schuld kann nur sein, wer sich verantwortlich fühlt. Verantwortung entspringt dem Gefühl Bedeutung zu haben. Um Eure Schuld abzuwerfen müsstet ihr erkennen wie bedeutungslos alles ist was ihr tut. In einem endlosen Universum spielt es keine Rolle, ob die Erde dies oder das tut, ob ihr Wälder abholzt, Tiere tötet oder eben nicht. Dem Universum ist das egal. Das ist es was ihr begreifen müsst. Nur ihr habt Interesse daran, dass die Welt nicht den Weg geht, den sie gerade geht. Du wirst immer wieder in diese Welt geboren und jedes Mal gefällt sie Dir weniger. Das ist unlogisch!</td>
</tr>
<tr>
<td>Jens</td>
<td>Ah langsam verstehe ich. Also hoffen wir insgeheim, dass uns etwas bremst und auf den rechten Weg bringt?</td>
</tr>
<tr>
<td>Wesen des Untergangs</td>
<td>So ist es, ja.</td>
</tr>
</tbody>
</table>

<p>Disput mit dem Wesen des Untergangs (Juli 2009) Jens Was wird 2012 passieren? Wesen des Untergangs Was hättest Du denn gerne? Jens Na nix. Nur meine Ruhe. *g* Ich wollte ja nicht wissen was ich will, sondern was passieren wird! Wesen des Untergangs Warum glaubst Du, das sei ein Unterschied? Jens Wie meinst Du das? [&hellip;]</p>
